52 = -13*q + 14*q, 0 = -4*q - 5*y + 32556. What are the prime factors of q?
2, 509
Let a(t) = t + 1. Let f be a(3). Suppose -5*j = b - 322, f*j - 672 = -2*b + 8*j. Suppose 4*h - 232 - b = 0. What are the prime factors of h?
3, 47
Let s(z) = z**2. Let g(l) = 7*l**2 + 20*l + 19. Let v(r) = 2*r - 11. Let a be v(5). Let n(y) = a*g(y) + 6*s(y). List the prime factors of n(-14).
5, 13
Suppose -4*r + 2*m + 122074 = 0, 3083*r = 3088*r - 4*m - 152600. What are the prime factors of r?
2, 3, 2543
Let f(y) = -7*y**3 + 3*y**2 - 2*y - 4. Let j be f(-1). List the prime factors of ((-1209)/(-2))/(3/j).
2, 13, 31
Let j = 14 - 10. Let c be ((-5)/5)/((-2)/j). Suppose -2*y = -3*z - 146, 2*y - 310 = -c*y - 3*z. List the prime factors of y.
2, 19
Let o = -224 + 163. Let z = 99 + o. List the prime factors of z.
2, 19
What are the prime factors of 1260/(11 - 1672/154)?
2, 3, 5, 7
Suppose 2*i = -2*v + 376, 234 = 3*i - 2*v - 310. Let s = i - -104. What are the prime factors of s?
2, 3
Suppose -13*d + 1048833 - 352353 = 19*d. List the prime factors of d.
3, 5, 1451
Let k(a) = 30*a**2 - 3*a + 48 - 14 + 3*a - 4*a. List the prime factors of k(-6).
2, 569
Let u(d) = d**2 - 17*d + 87. Let x be u(9). What are the prime factors of -2 + (-5)/1*(-18)/x?
2
Let f be (2/6)/(3/27). Suppose 6*y + f*y + 2565 = 0. Let g = -56 - y. What are the prime factors of g?
229
Suppose -3*g + 8932 = -5*y + 1009, -2*g = 3*y - 5320. What are the prime factors of g?
11, 241
Let h(x) = -5 - x + 5*x**2 - 11 + 5*x**2 - 19 - x. List the prime factors of h(-10).
5, 197
Let u(g) = 3*g**3 + 4*g - 1. Let f(m) = 3*m**3 + 5*m - 1. Let s(n) = -5*f(n) + 6*u(n). What are the prime factors of s(2)?
3, 7
Let m(y) = -81*y - 458. List the prime factors of m(-27).
7, 13, 19
Let m = 47 + 439. Suppose -4*q = -1594 - m. List the prime factors of q.
2, 5, 13
Let c(b) = 1937*b + 2493. What are the prime factors of c(16)?
5, 37, 181
Let o = 467 + -1350. Let u = o - -2008. What are the prime factors of u?
3, 5
Let y(s) = -9*s**2 + 466*s - 50. Let z(r) = 8*r**2 - 472*r + 50. Let k(h) = -5*y(h) - 4*z(h). What are the prime factors of k(38)?
2, 1013
Suppose -4*x - 111 + 115 = 0, 0 = 4*s - 4*x - 65880. List the prime factors of s.
7, 13, 181
Let o(q) = 2*q**3 - q**3 - 6*q**2 - 1 - 11*q + 6 - 1. Let u be 5 - 5/(20/(-12)). List the prime factors of o(u).
2, 11
Suppose -4*i + i = -9. Suppose -b + 4*b = -i, -4*j - b = -1447. List the prime factors of j.
2, 181
Let s = -101 - -106. Suppose -m = s*m + 12. Let a(i) = -13*i**3 - i**2 - 3*i + 1. List the prime factors of a(m).
107
List the prime factors of 380/195 - 2 - 3097700/(-156).
3, 6619
Let u be (-1)/2 - (-189)/42. Suppose u*d - 9*d + 60 = 0. Suppose -l = d - 117. What are the prime factors of l?
3, 5, 7
Suppose 22*a + 32*a - 386262 = 0. What are the prime factors of a?
23, 311
Let k(f) = 4 - 4 - 7*f + 2*f**2. Suppose -16*s = 8*s + 120. What are the prime factors of k(s)?
5, 17
Let y(z) = 6*z**2 - 5*z + 4. Let t be y(1). Suppose l + f = 414, -10*f + t*f + 394 = l. List the prime factors of l.
419
Let b(a) = 12*a - 36. Suppose 72 = 3*d + 4*r, 0 = 3*d - 2*r - 0*r - 90. List the prime factors of b(d).
2, 3, 5
Suppose 285*d = 1402867 + 5698763. What are the prime factors of d?
2, 3, 4153
Suppose -5*t - 12*t = -10837 - 17689. List the prime factors of t.
2, 839
Let t = 4802 + -2099. What are the prime factors of t?
3, 17, 53
Suppose 44666 + 27625 = 6*m + 11661. What are the prime factors of m?
5, 43, 47
Let u = -12 + 14. Let q be -3 + 1*(787 - 6). Suppose 278 = -u*x + q. List the prime factors of x.
2, 5
Let a(y) = 194*y - 167. Let h(n) = 3*n**2 - 14*n - 34. Let k be h(-2). List the prime factors of a(k).
997
Let g(h) = 426*h + 297. List the prime factors of g(7).
3, 1093
Suppose 4*j - 3216 = -4*a, 0 = -2*j + 7*j + 4*a - 4015. Suppose 0*t + j = 17*t. List the prime factors of t.
47
Suppose 37490 = 2*g + 4*l, -56220 = -488*g + 485*g - l. What are the prime factors of g?
7, 2677
List the prime factors of (30376/(-5) + -2)/((-272)/680).
15193
Suppose 3*p = 54*u - 56*u + 10963, 14614 = 4*p + u. List the prime factors of p.
13, 281
Suppose -5*u + 179 = 659. Let i = u - -406. List the prime factors of i.
2, 5, 31
Suppose 44*g = 3*g + 233208. List the prime factors of g.
2, 3, 79
Let x(a) = a**3 - 4*a**2 + 2*a - 31. Let y be x(5). List the prime factors of 60931/65 + y/(-10).
937
Let z be 78/130 - (-26)/(-10). Let u(r) = -r**3 + 4*r**2 + 25*r + 45. What are the prime factors of u(z)?
19
Let p = -37 + 45. Suppose -5*g + 3 = 3*b, -3*g + 4*b = -p*g - 1. Suppose -2*s - 4*w + 86 = 0, 5*s - 6*w + g*w = 228. List the prime factors of s.
3, 5
Let j(d) = -15*d**3 + 6*d**2 - 26*d - 82. List the prime factors of j(-7).
29, 191
Let l(q) = 2*q**3 + 21*q**2 - 13*q + 28. Suppose -9*u - 77 = -2*u. What are the prime factors of l(u)?
2, 5
Let f be 1/10*-8*10. Let p(w) = w**2 - 8*w - 3. Let y be p(-4). Let z = y - f. List the prime factors of z.
53
Let z be -7 - 49*71/(-1). Let q = z + -2478. What are the prime factors of q?
2, 7, 71
Let i(p) = -7*p + 33. Let c be i(-23). Suppose 0 = -0*z - z - c. Let w = z + 271. List the prime factors of w.
7, 11
Let y = -1000 + 2780. Suppose 3*g - 5*a + 573 = 2363, 3*g + 5*a = y. List the prime factors of g.
5, 7, 17
Let g = -7 + -133. Let l = -71 - g. Let b = 151 - l. List the prime factors of b.
2, 41
Let l = -1257 + 126. Let b = -642 - l. List the prime factors of b.
3, 163
Suppose -10 = -3*k - 0*k + 5*c, -2*k + 5*c = -10. Let w = k + -133. Let d = w - -189. What are the prime factors of d?
2, 7
Let k be 65 + (-4 - 2/(-1)). Let u = 92 + -22. Let a = u - k. List the prime factors of a.
7
Suppose 286 = 13*j + 39. Let s(l) = 3*l + 25. What are the prime factors of s(j)?
2, 41
Let g be (0 + (-10)/(-2))/(53 + -52). Suppose -g*f + 11 + 14 = 0. Suppose 4*q - 5*d = 122, -36 = 4*q - f*q + 4*d. List the prime factors of q.
2, 7
Let c(l) = 418*l**3 - l**2 - l - 1. Let d be c(-1). Let i = d + 898. List the prime factors of i.
479
Let p = 24 - 21. What are the prime factors of (4 - (p + 399))*(-6 - -5)?
2, 199
Let d(f) = 8*f**3 + 2*f - 1. Let c be d(1). Suppose c*v = 13*v - m - 3003, -5*m = v - 756. List the prime factors of v.
751
Suppose -p + 0*c = 5*c - 16019, -c - 1 = 0. List the prime factors of p.
2, 2003
Let i be -4 - 14/(-2) - -618. Let k = i - -431. List the prime factors of k.
2, 263
Suppose 2*a + w = 20336, w = -3*a + 14976 + 15530. List the prime factors of a.
2, 3, 5, 113
Suppose -3*t + c + 11 = -c, -17 = -5*t + 4*c. Let h(m) = m**3 - 6*m**2 + 4*m + 3. Let z be h(t). List the prime factors of 95 + 1 + (6 - (11 + z)).
3, 31
Let u = 6417 + -1405. List the prime factors of u.
2, 7, 179
Let w(p) = -1845*p + 53. List the prime factors of w(-4).
7433
Let l = 670 - -270. Let o be l/3 + 28/(-21). Suppose 5*p - o = -32. List the prime factors of p.
2, 7
Suppose -q = 3*o - 41, -4*o - q + 38 + 15 = 0. List the prime factors of ((-12)/8)/(0 - o/1232).
2, 7, 11
Let i be (-2)/(((-48)/(-5944))/3). Let b = i - -1933. List the prime factors of b.
2, 5, 7, 17
Let j be 3/(-9) + 38/6. Let a be -2*(28/(-35) - 3/15). What are the prime factors of (-5 + a)*1 + j*13?
3, 5
Suppose 0 = 3*p - 5*p - 4*c + 32, -2*c - 32 = -5*p. Suppose -p*q + 75 = -21. What are the prime factors of 4/(-24) - (-734)/q?
61
Let y(h) be the third derivative of -h**5/60 + 11*h**4/24 + 7*h**3/3 - 14*h**2. Let j be y(-10). Let n = 403 + j. List the prime factors of n.
3, 23
Let k be (52/(-10))/(1/10). Let w be (-16)/(-56) + k/(-14). Suppose -w*g = -2*m - 452, 6*m - 428 = -4*g + 2*m. What are the prime factors of g?
3, 37
Let f(t) = 15*t - 1. Let j be f(-2). Let v = 36 + j. List the prime factors of 270/v + (-1)/((-1)/(-2)).
2, 13
Let k = 1193 + -1854. Let q(h) = -9*h**3 - 35*h**2 - 40*h + 27. Let l be q(-6). Let r = l + k. List the prime factors of r.
2, 5, 29
Suppose 9*o - 27*o = 612. Let y(x) = -x**3 - 2*x**2 - x - 46. Let f be y(0). Let c = o - f. What are the prime factors of c?
2, 3
Suppose -x - 171216 = -124*x. What are the prime factors of x?
2, 3, 29
Let v(c) be the first derivative of -1/4*c**4 - 25 - 7*c - 5/2*c**2 + 3*c**3. List the prime factors of v(8).
17
Let d(p) = 56*p + 150. Let o(f) = -362*f - 901. Let t(k) = 13*d(k) + 2*o(k). Let g(h) = h + 2. Let l be g(-2). List the prime factors of t(l).
2, 37
L